{"id":2,"date":"2024-06-29T09:39:46","date_gmt":"2024-06-29T07:39:46","guid":{"rendered":"https:\/\/redfilosofia.es\/comision-investigacion\/?page_id=2"},"modified":"2024-12-09T17:23:26","modified_gmt":"2024-12-09T16:23:26","slug":"pagina-ejemplo","status":"publish","type":"page","link":"https:\/\/redfilosofia.es\/comision-investigacion\/pagina-ejemplo\/","title":{"rendered":"\u00bfC\u00f3mo se investiga en filosof\u00eda?"},"content":{"rendered":"\n<blockquote class=\"wp-block-quote has-accent-3-background-color has-background is-layout-flow wp-block-quote-is-layout-flow\">\n<p>La comisi\u00f3n de investigaci\u00f3n de la REF se ha conformado como un grupo din\u00e1mico de trabajo dedicado a examinar y coordinar actividades relacionadas con pol\u00edticas y medidas que impactan la investigaci\u00f3n en filosof\u00eda.<\/p>\n\n\n\n<p>Entre los temas que hemos abordado se encuentran los sistemas de evaluaci\u00f3n de la investigaci\u00f3n y las modalidades de financiaci\u00f3n de las publicaciones cient\u00edficas.<\/p>\n\n\n\n<p><\/p>\n<\/blockquote>\n\n\n\n<h1 class=\"wp-block-heading has-text-align-center has-x-large-font-size\">Miembros<\/h1>\n\n\n\n<div class=\"wp-block-group has-global-padding is-layout-constrained wp-container-core-group-is-layout-650790e1 wp-block-group-is-layout-constrained\">\n<div style=\"height:1.25rem\" aria-hidden=\"true\" class=\"wp-block-spacer\"><\/div>\n\n\n\n<p><br><strong>Ram\u00f3n Feenstra<\/strong>, profesor titular de \u00e9tica en la Universidad Jaume I de Castell\u00f3n. Email:&nbsp;&nbsp;<a href=\"mailto:feenstra@uji.es\">feenstra@uji.es<\/a><\/p>\n\n\n\n<p><strong>C\u00e9sar Ortega Esquembre<\/strong>, Profesor Ayudante Doctor en el \u00e1rea de filosof\u00eda moral, Universitat de Val\u00e8ncia. Email:&nbsp;<a href=\"mailto:cesar.ortega@uv.es\">cesar.ortega@uv.es<\/a><\/p>\n\n\n\n<p><strong>Concha Rold\u00e1n<\/strong>, profesora de investigaci\u00f3n en el departamento de Filosof\u00eda teor\u00e9tica y Filosof\u00eda pr\u00e1ctica, Instituto de Filosof\u00eda, CSIC. Email:&nbsp;<a href=\"mailto:concha.roldan@cchs.csic.es\">concha.roldan@cchs.csic.es<\/a><\/p>\n\n\n\n<p><strong>David Teira<\/strong>, catedr\u00e1tico en el departamento de L\u00f3gica, Historia y Filosof\u00eda de la ciencia, Universidad Nacional de Educaci\u00f3n a Distancia (UNED). Email:&nbsp;&nbsp;<a href=\"mailto:dteira@fsof.uned.es\">dteira@fsof.uned.es<\/a><\/p>\n\n\n\n<p><strong>Jon Rueda<\/strong>, investigador posdoctoral en el Departamento de Filosof\u00eda 1, Universidad de Granada. Email:&nbsp;&nbsp;<a href=\"mailto:ruetxe@ugr.es\">ruetxe@ugr.es<\/a><\/p>\n\n\n\n<p><strong>Maria Medina Vicent<\/strong>, Profesora contratada doctor en el \u00e1rea de filosof\u00eda, Universitat Jaume I de Castell\u00f3n. Email:&nbsp;<a href=\"mailto:medinam@uji.es\">medinam@uji.es<\/a><\/p>\n\n\n\n<p><\/p>\n\n\n\n<p><strong>Nuria S\u00e1nchez Madrid<\/strong>, profesora del departamento de Filosof\u00eda teor\u00e9tica, Facultad de Filosof\u00eda, Universidad Complutense de Madrid. Email:&nbsp;<a href=\"mailto:nuriasma@filos.ucm.es\">nuriasma@filos.ucm.es<\/a><\/p>\n\n\n\n<p><strong>Roberto R. Aramayo<\/strong>, profesor de investigaci\u00f3n en el departamento de Filosof\u00eda teor\u00e9tica y Filosof\u00eda pr\u00e1ctica, Instituto de Filosof\u00eda, CSIC. Email:&nbsp;&nbsp;<a href=\"mailto:aramayo@ifs.csic.es\">aramayo@ifs.csic.es<\/a><\/p>\n<\/div>\n\n\n\n<h2 class=\"wp-block-heading has-text-align-center\">Jornadas <\/h2>\n\n\n\n<h4 class=\"wp-block-heading has-text-align-center\">Con enlaces al CanalUned<\/h4>\n\n\n\n<div class=\"wp-block-group alignfull has-global-padding is-layout-constrained wp-container-core-group-is-layout-490fa1db wp-block-group-is-layout-constrained\" style=\"padding-top:var(--wp--preset--spacing--50);padding-right:var(--wp--preset--spacing--50);padding-bottom:var(--wp--preset--spacing--50);padding-left:var(--wp--preset--spacing--50)\">\n<figure class=\"wp-block-gallery has-nested-images columns-default is-cropped wp-block-gallery-1 is-layout-flex wp-block-gallery-is-layout-flex\">\n<figure class=\"wp-block-image size-large\"><a href=\"https:\/\/canal.uned.es\/video\/63998008ae6c2228830b5122\"><img loading=\"lazy\" decoding=\"async\" width=\"495\" height=\"700\" data-id=\"29\" src=\"https:\/\/redfilosofia.es\/comision-investigacion\/wp-content\/uploads\/sites\/8\/2024\/07\/Panel-acceso-abierto-revistas-de-filosofia-1.png\" alt=\"\" class=\"wp-image-29\" srcset=\"https:\/\/redfilosofia.es\/comision-investigacion\/wp-content\/uploads\/sites\/8\/2024\/07\/Panel-acceso-abierto-revistas-de-filosofia-1.png 495w, https:\/\/redfilosofia.es\/comision-investigacion\/wp-content\/uploads\/sites\/8\/2024\/07\/Panel-acceso-abierto-revistas-de-filosofia-1-212x300.png 212w\" sizes=\"auto, (max-width: 495px) 100vw, 495px\" \/><\/a><\/figure>\n\n\n\n<figure class=\"wp-block-image size-large\"><a href=\"https:\/\/canal.uned.es\/video\/647597be6ff5a720a3681360\"><img loading=\"lazy\" decoding=\"async\" width=\"495\" height=\"700\" data-id=\"30\" src=\"https:\/\/redfilosofia.es\/comision-investigacion\/wp-content\/uploads\/sites\/8\/2024\/07\/BIAP-centro-de-excelencia-1.png\" alt=\"\" class=\"wp-image-30\" srcset=\"https:\/\/redfilosofia.es\/comision-investigacion\/wp-content\/uploads\/sites\/8\/2024\/07\/BIAP-centro-de-excelencia-1.png 495w, https:\/\/redfilosofia.es\/comision-investigacion\/wp-content\/uploads\/sites\/8\/2024\/07\/BIAP-centro-de-excelencia-1-212x300.png 212w\" sizes=\"auto, (max-width: 495px) 100vw, 495px\" \/><\/a><\/figure>\n\n\n\n<figure class=\"wp-block-image size-large\"><a href=\"https:\/\/canal.uned.es\/video\/6620e361a35b627b05761872\"><img loading=\"lazy\" decoding=\"async\" width=\"495\" height=\"700\" data-id=\"31\" src=\"https:\/\/redfilosofia.es\/comision-investigacion\/wp-content\/uploads\/sites\/8\/2024\/07\/Jornada-Informa-revistas-de-filosofia-2024-1.png\" alt=\"\" class=\"wp-image-31\" srcset=\"https:\/\/redfilosofia.es\/comision-investigacion\/wp-content\/uploads\/sites\/8\/2024\/07\/Jornada-Informa-revistas-de-filosofia-2024-1.png 495w, https:\/\/redfilosofia.es\/comision-investigacion\/wp-content\/uploads\/sites\/8\/2024\/07\/Jornada-Informa-revistas-de-filosofia-2024-1-212x300.png 212w\" sizes=\"auto, (max-width: 495px) 100vw, 495px\" \/><\/a><\/figure>\n\n\n\n<figure class=\"wp-block-image size-large\"><a href=\"https:\/\/canal.uned.es\/video\/667bdc5fc45c42c03d129822\"><img loading=\"lazy\" decoding=\"async\" width=\"495\" height=\"700\" data-id=\"32\" src=\"https:\/\/redfilosofia.es\/comision-investigacion\/wp-content\/uploads\/sites\/8\/2024\/07\/La-evaluacion-de-la-filosofia-a-debate-3-1.png\" alt=\"\" class=\"wp-image-32\" srcset=\"https:\/\/redfilosofia.es\/comision-investigacion\/wp-content\/uploads\/sites\/8\/2024\/07\/La-evaluacion-de-la-filosofia-a-debate-3-1.png 495w, https:\/\/redfilosofia.es\/comision-investigacion\/wp-content\/uploads\/sites\/8\/2024\/07\/La-evaluacion-de-la-filosofia-a-debate-3-1-212x300.png 212w\" sizes=\"auto, (max-width: 495px) 100vw, 495px\" \/><\/a><\/figure>\n<\/figure>\n\n\n\n<h2 class=\"wp-block-heading has-text-align-center\">Informes <\/h2>\n\n\n\n<div class=\"wp-block-group has-global-padding is-layout-constrained wp-container-core-group-is-layout-650790e1 wp-block-group-is-layout-constrained\">\n<p class=\"has-text-align-center\"><\/p>\n\n\n\n<figure class=\"wp-block-gallery has-nested-images columns-default is-cropped wp-block-gallery-2 is-layout-flex wp-block-gallery-is-layout-flex\">\n<figure class=\"wp-block-image size-large\"><a href=\"https:\/\/repositori.uji.es\/xmlui\/handle\/10234\/189924\"><img loading=\"lazy\" decoding=\"async\" width=\"495\" height=\"700\" data-id=\"39\" src=\"https:\/\/redfilosofia.es\/comision-investigacion\/wp-content\/uploads\/sites\/8\/2024\/07\/2020_02_25_INFORME-FINAL.pdf.jpg\" alt=\"\" class=\"wp-image-39\" srcset=\"https:\/\/redfilosofia.es\/comision-investigacion\/wp-content\/uploads\/sites\/8\/2024\/07\/2020_02_25_INFORME-FINAL.pdf.jpg 495w, https:\/\/redfilosofia.es\/comision-investigacion\/wp-content\/uploads\/sites\/8\/2024\/07\/2020_02_25_INFORME-FINAL.pdf-212x300.jpg 212w\" sizes=\"auto, (max-width: 495px) 100vw, 495px\" \/><\/a><\/figure>\n\n\n\n<figure class=\"wp-block-image size-large\"><a href=\"https:\/\/repositori.uji.es\/xmlui\/handle\/10234\/206136\"><img loading=\"lazy\" decoding=\"async\" width=\"439\" height=\"700\" data-id=\"40\" src=\"https:\/\/redfilosofia.es\/comision-investigacion\/wp-content\/uploads\/sites\/8\/2024\/07\/Copia-de-Informe-sobre-revistas-de-filosofia-en-Espana-situacion-actual-y-perspectivas-de-futuro-Ramon-A.-Feenstra-Universitat-Jaume-I-de-Castello-David-Teira-UNED-2.png\" alt=\"\" class=\"wp-image-40\" srcset=\"https:\/\/redfilosofia.es\/comision-investigacion\/wp-content\/uploads\/sites\/8\/2024\/07\/Copia-de-Informe-sobre-revistas-de-filosofia-en-Espana-situacion-actual-y-perspectivas-de-futuro-Ramon-A.-Feenstra-Universitat-Jaume-I-de-Castello-David-Teira-UNED-2.png 439w, https:\/\/redfilosofia.es\/comision-investigacion\/wp-content\/uploads\/sites\/8\/2024\/07\/Copia-de-Informe-sobre-revistas-de-filosofia-en-Espana-situacion-actual-y-perspectivas-de-futuro-Ramon-A.-Feenstra-Universitat-Jaume-I-de-Castello-David-Teira-UNED-2-188x300.png 188w\" sizes=\"auto, (max-width: 439px) 100vw, 439px\" \/><\/a><\/figure>\n<\/figure>\n\n\n\n<div style=\"height:1.25rem\" aria-hidden=\"true\" class=\"wp-block-spacer\"><\/div>\n<\/div>\n\n\n\n<div style=\"height:var(--wp--preset--spacing--30)\" aria-hidden=\"true\" class=\"wp-block-spacer\"><\/div>\n\n\n\n<div class=\"wp-block-group has-global-padding is-layout-constrained wp-container-core-group-is-layout-650790e1 wp-block-group-is-layout-constrained\">\n<h1 class=\"wp-block-heading has-text-align-center has-x-large-font-size\">Actividades y noticias<\/h1>\n\n\n\n<div style=\"height:1.25rem\" aria-hidden=\"true\" class=\"wp-block-spacer\"><\/div>\n\n\n\n<p class=\"has-text-align-center\"><\/p>\n<\/div>\n\n\n\n<p>Art\u00edculo de Jon Rueda sobre \u00ab<a href=\"https:\/\/www.elsaltodiario.com\/el-rumor-de-las-multitudes\/generacion-q-sombras-excelencia-investigacion\">La \u201cgeneraci\u00f3n Q\u201d y las sombras de la excelencia en la investigaci\u00f3n<\/a>\u00ab, El Salto, 2024.<\/p>\n\n\n\n<p>Art\u00edculo de David sobre \u00ab<a href=\"https:\/\/theconversation.com\/se-hace-en-ingles-la-mejor-filosofia-espanola-actual-201401\">\u00bfSe hace en ingl\u00e9s la mejor filosof\u00eda espa\u00f1ola actual?\u00bb<\/a>, The Conversation, 2023. <\/p>\n\n\n\n<div class=\"wp-block-group has-global-padding is-layout-constrained wp-container-core-group-is-layout-650790e1 wp-block-group-is-layout-constrained\">\n<div style=\"height:1.25rem\" aria-hidden=\"true\" class=\"wp-block-spacer\"><\/div>\n\n\n\n<div class=\"wp-block-buttons is-content-justification-center is-layout-flex wp-container-core-buttons-is-layout-a89b3969 wp-block-buttons-is-layout-flex\">\n<div class=\"wp-block-button\"><a class=\"wp-block-button__link wp-element-button\">Sobre nosotros<\/a><\/div>\n<\/div>\n<\/div>\n\n\n\n<div style=\"height:var(--wp--preset--spacing--30)\" aria-hidden=\"true\" class=\"wp-block-spacer\"><\/div>\n<\/div>\n","protected":false},"excerpt":{"rendered":"<p>La comisi\u00f3n de investigaci\u00f3n de la REF se ha conformado como un grupo din\u00e1mico de trabajo dedicado a examinar y coordinar actividades relacionadas con pol\u00edticas y medidas que impactan la investigaci\u00f3n en filosof\u00eda. Entre los temas que hemos abordado se encuentran los sistemas de evaluaci\u00f3n de la investigaci\u00f3n y las modalidades de financiaci\u00f3n de las [&hellip;]<\/p>\n","protected":false},"author":24,"featured_media":0,"parent":0,"menu_order":0,"comment_status":"closed","ping_status":"open","template":"","meta":{"footnotes":""},"class_list":["post-2","page","type-page","status-publish","hentry"],"_links":{"self":[{"href":"https:\/\/redfilosofia.es\/comision-investigacion\/wp-json\/wp\/v2\/pages\/2","targetHints":{"allow":["GET"]}}],"collection":[{"href":"https:\/\/redfilosofia.es\/comision-investigacion\/wp-json\/wp\/v2\/pages"}],"about":[{"href":"https:\/\/redfilosofia.es\/comision-investigacion\/wp-json\/wp\/v2\/types\/page"}],"author":[{"embeddable":true,"href":"https:\/\/redfilosofia.es\/comision-investigacion\/wp-json\/wp\/v2\/users\/24"}],"replies":[{"embeddable":true,"href":"https:\/\/redfilosofia.es\/comision-investigacion\/wp-json\/wp\/v2\/comments?post=2"}],"version-history":[{"count":23,"href":"https:\/\/redfilosofia.es\/comision-investigacion\/wp-json\/wp\/v2\/pages\/2\/revisions"}],"predecessor-version":[{"id":117,"href":"https:\/\/redfilosofia.es\/comision-investigacion\/wp-json\/wp\/v2\/pages\/2\/revisions\/117"}],"wp:attachment":[{"href":"https:\/\/redfilosofia.es\/comision-investigacion\/wp-json\/wp\/v2\/media?parent=2"}],"curies":[{"name":"wp","href":"https:\/\/api.w.org\/{rel}","templated":true}]}}