{"id":4,"date":"2013-07-08T18:24:19","date_gmt":"2013-07-08T18:24:19","guid":{"rendered":"https:\/\/redfilosofia.es\/congreso\/?page_id=4"},"modified":"2017-07-26T11:32:30","modified_gmt":"2017-07-26T11:32:30","slug":"inicio","status":"publish","type":"page","link":"https:\/\/redfilosofia.es\/congreso\/","title":{"rendered":"Inicio"},"content":{"rendered":"<h1><a href=\"https:\/\/redfilosofia.es\/congreso\/wp-content\/uploads\/sites\/4\/2013\/07\/Cartel_II_Congreso_REF.jpg\"><img loading=\"lazy\" decoding=\"async\" class=\"aligncenter size-large wp-image-1200\" src=\"https:\/\/redfilosofia.es\/congreso\/wp-content\/uploads\/sites\/4\/2013\/07\/Cartel_II_Congreso_REF-724x1024.jpg\" alt=\"\" width=\"625\" height=\"884\" srcset=\"https:\/\/redfilosofia.es\/congreso\/wp-content\/uploads\/sites\/4\/2013\/07\/Cartel_II_Congreso_REF-724x1024.jpg 724w, https:\/\/redfilosofia.es\/congreso\/wp-content\/uploads\/sites\/4\/2013\/07\/Cartel_II_Congreso_REF-212x300.jpg 212w, https:\/\/redfilosofia.es\/congreso\/wp-content\/uploads\/sites\/4\/2013\/07\/Cartel_II_Congreso_REF-768x1086.jpg 768w, https:\/\/redfilosofia.es\/congreso\/wp-content\/uploads\/sites\/4\/2013\/07\/Cartel_II_Congreso_REF-624x883.jpg 624w, https:\/\/redfilosofia.es\/congreso\/wp-content\/uploads\/sites\/4\/2013\/07\/Cartel_II_Congreso_REF.jpg 1448w\" sizes=\"auto, (max-width: 625px) 100vw, 625px\" \/><\/a><\/h1>\n<h1><\/h1>\n<h1>II Congreso internacional de la Red espa\u00f1ola de Filosof\u00eda<\/h1>\n<h1><span style=\"color: #993300;\">Las fronteras de la humanidad <\/span><\/h1>\n<p style=\"color: #993300;\"><span style=\"font-size: 11pt; font-family: Arial;\">Universidad de Zaragoza, 1<\/span>3 a 15 de septiembre de 2017<\/p>\n<h2><strong>Presentaci\u00f3n<\/strong><\/h2>\n<p>La <a href=\"https:\/\/redfilosofia.es\/\">Red espa\u00f1ola de Filosof\u00eda (REF)<\/a>, nacida en 2012 e integrada por la Conferencia Espa\u00f1ola de Decanatos de Filosof\u00eda, el Instituto de Filosof\u00eda del CSIC y unas cincuenta asociaciones de todas las orientaciones tem\u00e1ticas, niveles educativos y comunidades aut\u00f3nomas, desde su fundaci\u00f3n decidi\u00f3 organizar un Congreso internacional de Filosof\u00eda con periodicidad trienal. El primero se celebr\u00f3 en 2014, en la Universitat de Val\u00e8ncia, y el segundo se celebrar\u00e1 los d\u00edas <span style=\"color: #993300;\"><strong>13, 14 y 15 de septiembre de 2017<\/strong><\/span>, en la <span style=\"color: #993300;\"><strong>Universidad de Zaragoza<\/strong><\/span>.<\/p>\n<p>Este congreso trienal de la REF pretende ser un espacio de encuentro de la comunidad filos\u00f3fica espa\u00f1ola, abierto a la participaci\u00f3n de colegas de otros pa\u00edses. En \u00e9l tienen cabida todas las tem\u00e1ticas y orientaciones filos\u00f3ficas. Sobre todo, pretendemos que puedan abordarse los problemas que hoy en d\u00eda son objeto de investigaci\u00f3n y de debate en los m\u00e1s diversos campos del pensamiento, incluidos los problemas de la educaci\u00f3n y la did\u00e1ctica de la filosof\u00eda.<\/p>\n<p>El II Congreso internacional de la REF se celebrar\u00e1 bajo el t\u00edtulo <span style=\"color: #993300;\"><strong>Las fronteras de la humanidad<\/strong><\/span>. Consideramos que la humanidad se enfrenta hoy a una serie de retos que est\u00e1n poniendo en cuesti\u00f3n sus l\u00edmites e incluso su propia existencia, no solo como especie viviente sino tambi\u00e9n como comunidad moral y como proyecto pol\u00edtico de convivencia cosmopolita.<\/p>\n<p>Vivimos en una Tierra com\u00fan cada vez m\u00e1s poblada, interconectada e interdependiente, pero no cesamos de multiplicar las fronteras geopol\u00edticas, los muros f\u00edsicos, las barreras jur\u00eddicas, las discriminaciones econ\u00f3micas, sociales, sexuales y culturales entre diferentes grupos humanos. Conocemos cada vez mejor los estrechos v\u00ednculos evolutivos y ecol\u00f3gicos que nos unen a los dem\u00e1s seres vivientes, pero seguimos reduciendo la biodiversidad de nuestro planeta, socavando los equilibrios de la biosfera y exaltando la superioridad y exclusividad de nuestra especie. Estamos desarrollando innovaciones tecno-cient\u00edficas capaces de alterar los l\u00edmites biol\u00f3gicos de lo humano, desde el nacimiento hasta la muerte, pasando por las m\u00faltiples pr\u00f3tesis que interact\u00faan con nuestro organismo, pero no somos capaces de determinar los l\u00edmites \u00e9ticos, jur\u00eddicos y pol\u00edticos de la humanidad. Alardeamos de vivir en la sociedad del conocimiento, pero menospreciamos cada vez m\u00e1s todos los saberes art\u00edsticos, human\u00edsticos, cient\u00edficos y filos\u00f3ficos que nos hacen m\u00e1s dignamente humanos.<\/p>\n<p>Por eso, queremos invitar a las fil\u00f3sofas y fil\u00f3sofos espa\u00f1oles, y tambi\u00e9n a los colegas de cualquier otro pa\u00eds, para que debatamos durante tres d\u00edas sobre todas estas cuestiones. Adem\u00e1s, nos comprometemos a dar difusi\u00f3n a las comunicaciones que se presenten en el congreso, para que sean conocidas en el resto del mundo y para que contribuyan a enriquecer la vida cultural y los grandes debates p\u00fablicos de la propia sociedad espa\u00f1ola.<\/p>\n<p>El congreso incluir\u00e1 las siguientes actividades: dos conferencias plenarias, una de inauguraci\u00f3n y otra de clausura; doce secciones tem\u00e1ticas, con sus correspondientes mesas de comunicaciones; varios simposios, talleres, presentaciones de libros y otras publicaciones, a propuesta de los participantes y previa selecci\u00f3n por el Comit\u00e9 cient\u00edfico; y la asamblea general de la REF. Tanto las comunicaciones individuales como las propuestas colectivas de simposios, talleres, etc., ser\u00e1n sometidas a evaluaci\u00f3n ciega por parte del Comit\u00e9 cient\u00edfico.<\/p>\n<p>Las contribuciones podr\u00e1n presentarse en las diferentes lenguas oficiales del Estado espa\u00f1ol (castellano, catal\u00e1n\/valenciano, euskera y gallego) y en los idiomas de m\u00e1s amplio uso acad\u00e9mico en Europa y Am\u00e9rica (ingl\u00e9s, franc\u00e9s, alem\u00e1n, italiano y portugu\u00e9s). Todas las propuestas de contribuci\u00f3n, sea cual sea su idioma, deber\u00e1n incluir un breve resumen en castellano, para facilitar la comprensi\u00f3n y el debate entre todos los participantes.<\/p>\n<p><strong>Fechas:<\/strong> 13 a 15 de septiembre de 2017.<\/p>\n<p><strong>Lugar:<\/strong> <span style=\"font-size: 11pt; font-family: Arial;\"><a href=\"https:\/\/fyl.unizar.es\/\">Facultad de Filosof\u00eda y Letras de la Universidad de Zaragoza<\/a><\/span><br \/>\nPedro Cerbuna, 12 &#8211; 50009 Zaragoza (Espa\u00f1a)<\/p>\n<p><strong>Fecha l\u00edmite para env\u00edo de propuestas:<\/strong> 15 de enero de 2017.<\/p>\n<p><strong>Organiza:<\/strong> <a href=\"https:\/\/redfilosofia.es\/\">Red espa\u00f1ola de Filosof\u00eda (REF)<\/a><\/p>\n<p><strong><span style=\"font-size: 11pt; font-family: Arial;\">Contacto:<\/span><\/strong><\/p>\n<p><span style=\"font-size: 11.0pt; font-family: Arial; mso-fareast-font-family: 'Times New Roman';\">&#8211; Presentaci\u00f3n de propuestas (comunicaciones, simposios, etc.): <a href=\"mailto:congreso@redfilosofia.es\">congreso@redfilosofia.es<\/a><\/span><\/p>\n<p><span style=\"font-size: 11.0pt; font-family: Arial; mso-fareast-font-family: 'Times New Roman';\">&#8211; Informaci\u00f3n pr\u00e1ctica (inscripci\u00f3n, alojamiento, etc.): <a href=\"mailto:congreso.secretaria@redfilosofia.es\">congreso.secretaria@redfilosofia.es<\/a><\/span><\/p>\n<p>&nbsp;<\/p>\n","protected":false},"excerpt":{"rendered":"<p>II Congreso internacional de la Red espa\u00f1ola de Filosof\u00eda Las fronteras de la humanidad Universidad de Zaragoza, 13 a 15 de septiembre de 2017 Presentaci\u00f3n La Red espa\u00f1ola de Filosof\u00eda (REF), nacida en 2012 e integrada por la Conferencia Espa\u00f1ola de Decanatos de Filosof\u00eda, el Instituto de Filosof\u00eda del CSIC y unas cincuenta asociaciones de [&hellip;]<\/p>\n","protected":false},"author":1,"featured_media":0,"parent":0,"menu_order":1,"comment_status":"closed","ping_status":"closed","template":"","meta":{"footnotes":""},"class_list":["post-4","page","type-page","status-publish","hentry"],"_links":{"self":[{"href":"https:\/\/redfilosofia.es\/congreso\/wp-json\/wp\/v2\/pages\/4","targetHints":{"allow":["GET"]}}],"collection":[{"href":"https:\/\/redfilosofia.es\/congreso\/wp-json\/wp\/v2\/pages"}],"about":[{"href":"https:\/\/redfilosofia.es\/congreso\/wp-json\/wp\/v2\/types\/page"}],"author":[{"embeddable":true,"href":"https:\/\/redfilosofia.es\/congreso\/wp-json\/wp\/v2\/users\/1"}],"replies":[{"embeddable":true,"href":"https:\/\/redfilosofia.es\/congreso\/wp-json\/wp\/v2\/comments?post=4"}],"version-history":[{"count":105,"href":"https:\/\/redfilosofia.es\/congreso\/wp-json\/wp\/v2\/pages\/4\/revisions"}],"predecessor-version":[{"id":1201,"href":"https:\/\/redfilosofia.es\/congreso\/wp-json\/wp\/v2\/pages\/4\/revisions\/1201"}],"wp:attachment":[{"href":"https:\/\/redfilosofia.es\/congreso\/wp-json\/wp\/v2\/media?parent=4"}],"curies":[{"name":"wp","href":"https:\/\/api.w.org\/{rel}","templated":true}]}}