{"id":98,"date":"2013-10-11T15:34:30","date_gmt":"2013-10-11T15:34:30","guid":{"rendered":"https:\/\/redfilosofia.es\/congreso\/?page_id=98"},"modified":"2017-04-08T11:33:42","modified_gmt":"2017-04-08T11:33:42","slug":"comision-organizadora","status":"publish","type":"page","link":"https:\/\/redfilosofia.es\/congreso\/organizacion\/comision-organizadora\/","title":{"rendered":"Comit\u00e9 organizador"},"content":{"rendered":"<p>El Comit\u00e9 organizador del II Congreso internacional de la REF est\u00e1 formado por la <a href=\"https:\/\/redfilosofia.es\/junta-directiva\/\" target=\"_blank\">Junta directiva<\/a> de la REF y por el Comit\u00e9 local de Zaragoza, integrado por cuatro profesores de la <span style=\"font-size: 11pt; font-family: Arial;\"><a href=\"https:\/\/fyl.unizar.es\/\">Facultad de Filosof\u00eda y Letras de la Universidad de Zaragoza<\/a>,<\/span> dado que esta instituci\u00f3n es la sede en la que va a celebrarse el Congreso.<\/p>\n<h3>Presidente<\/h3>\n<p><strong>Antonio Campillo Meseguer<\/strong><br \/>\nPresidente de la <a href=\"https:\/\/redfilosofia.es\/\">Red espa\u00f1ola de Filosof\u00eda (REF)<\/a><br \/>\nPresidente de la Conferencia Espa\u00f1ola de Decanatos de Filosof\u00eda<br \/>\nDecano de la <a href=\"http:\/\/www.um.es\/web\/filosofia\/\">Facultad de Filosof\u00eda de la Universidad de Murcia<\/a><br \/>\ncongreso@redfilosofia.es<\/p>\n<h3><strong>Secretaria<br \/>\n<\/strong><\/h3>\n<p><strong>Marina Garc\u00e9s Mascare\u00f1as<\/strong><br \/>\nProfesora de la <span style=\"font-size: 11pt; font-family: Arial;\"><a href=\"https:\/\/fyl.unizar.es\/\">Facultad de Filosof\u00eda y Letras de la Universidad de Zaragoza<\/a><\/span>, secretaria del <a href=\"https:\/\/fyl.unizar.es\/departamento-filosofia#\">Departamento de Filosof\u00eda<\/a> de UNIZAR y coordinadora de la <a href=\"http:\/\/espaienblanc.net\/\">Fundaci\u00f3 Espai en Blanc<\/a><br \/>\ncongreso.secretaria@redfilosofia.es<\/p>\n<h3>Miembros pertenecientes a la Junta directiva de la REF<\/h3>\n<p><strong>Mar\u00eda Jos\u00e9 Guerra Palmero<\/strong><br \/>\nVicepresidenta de la <a href=\"https:\/\/redfilosofia.es\/\">Red espa\u00f1ola de Filosof\u00eda (REF)<\/a><br \/>\nRepresentante de la <a href=\"http:\/\/xviiisemanaefp.blogspot.com.es\/\">Asociaci\u00f3n Espa\u00f1ola de \u00c9tica y Filosof\u00eda Pol\u00edtica (AEEFP)<\/a><br \/>\nvicepresidencia@redfilosofia.es<\/p>\n<p><strong>Delia Manzanero Fern\u00e1ndez<\/strong><br \/>\nSecretaria de la <a href=\"https:\/\/redfilosofia.es\/\">Red espa\u00f1ola de Filosof\u00eda (REF)<\/a><br \/>\nPresidenta de la <a href=\"http:\/\/www.bajopalabra.es\/bpes\/\">Asociaci\u00f3n de Filosof\u00eda Bajo Palabra (AFBP)<\/a><br \/>\nsecretaria@redfilosofia.es<\/p>\n<p><strong>Stella Villarmea Requejo<\/strong><br \/>\nTesorera de la <a href=\"https:\/\/redfilosofia.es\/\">Red espa\u00f1ola de Filosof\u00eda (REF)<\/a><br \/>\nRepresentante del <a href=\"https:\/\/www.uah.es\/centros_departamentos\/departamentos\/artes_humanidades\/historia_filosofia.asp\">Dpto. de Historia y Filosof\u00eda de la Universidad de Alcal\u00e1<\/a><br \/>\ntesoreria@redfilosofia.es<\/p>\n<p><strong>Esperanza Rodr\u00edguez Guill\u00e9n<\/strong><br \/>\nPresidenta de la <a href=\"https:\/\/redfilosofia.es\/comisiones\/\">Comisi\u00f3n de Educaci\u00f3n de la REF<\/a><br \/>\nPresidenta de la <a href=\"https:\/\/www.facebook.com\/plataforma.filosofia\">Plataforma en Defensa de la Filosof\u00eda de Madrid y Castilla-La Mancha<\/a><br \/>\neducacion@redfilosofia.es<\/p>\n<p><strong>Rafael Valeriano Orden Jim\u00e9nez<\/strong><br \/>\nPresidente de la <a href=\"https:\/\/redfilosofia.es\/comisiones\/\">Comisi\u00f3n de Universidades de la REF<\/a><br \/>\nDecano de la <a href=\"http:\/\/filosofia.ucm.es\/\">Facultad de Filosof\u00eda de la Universidad Complutense de Madrid<\/a><br \/>\nuniversidades@redfilosofia.es<\/p>\n<p><strong>Concha Rold\u00e1n Panadero<\/strong><br \/>\nPresidenta de la <a href=\"https:\/\/redfilosofia.es\/comisiones\/\">Comisi\u00f3n de Investigaci\u00f3n de la REF<\/a><br \/>\nDirectora del <a href=\"http:\/\/www.ifs.csic.es\/\">Instituto de Filosof\u00eda del CSIC<\/a><br \/>\ninvestigacion@redfilosofia.es<\/p>\n<p><strong>Rosa Mar\u00eda Reina P\u00e9rez<br \/>\n<\/strong>Presidenta de la <a href=\"https:\/\/redfilosofia.es\/olimpiada\/\">Comisi\u00f3n de la Olimpiada Filos\u00f3fica<\/a><br \/>\nProfesora de Filosof\u00eda de Ense\u00f1anza Secundaria en el IES Los Sauces (Benavente, Zamora) y presidenta de la Asociaci\u00f3n Olimpiada Filos\u00f3fica de Castilla y Le\u00f3n.<br \/>\nolimpiada@redfilosofia.es<\/p>\n<p><strong>\u00c1ngel Vallejo Rojas<\/strong><br \/>\nResponsable de redes sociales de la <a href=\"https:\/\/redfilosofia.es\/\">Red espa\u00f1ola de Filosof\u00eda (REF)<\/a><br \/>\nProfesor de Filosof\u00eda de Ense\u00f1anza Secundaria en el IES Consuelo Aranda de Alberic (Valencia) y miembro de la <a href=\"http:\/\/www.uv.es\/sfpv\/esp\/presentacio.htm\">Societat de Filosofia del Pais Valenci\u00e0 (SFPV)<\/a><br \/>\ninfo@redfilosofia.es<\/p>\n<p><strong>Guillermo Villaverde L\u00f3pez<\/strong><br \/>\nResponsable de prensa de la <a href=\"https:\/\/redfilosofia.es\/\">Red espa\u00f1ola de Filosof\u00eda (REF)<\/a><br \/>\nProfesor de Filosof\u00eda de Ense\u00f1anza Secundaria en el IES Jaime Ferrr\u00e1n de Collado-Villalba (Madrid) y miembro de la <a href=\"https:\/\/www.facebook.com\/plataforma.filosofia\">Plataforma en Defensa de la Filosof\u00eda de Madrid y Castilla-La Mancha<br \/>\n<\/a>comunicacion@redfilosofia.es<\/p>\n<h3>Miembros pertenecientes a la Universidad de Zaragoza<\/h3>\n<p><strong>Luis Arenas<\/strong><br \/>\nDirector del Departamento de Filosof\u00eda de la Universitad de Zaragoza<br \/>\nluis.arenas@unizar.es<\/p>\n<p><strong>Juan Manuel Arag\u00fc\u00e9s<\/strong><br \/>\nProfesor de la Universidad de Zaragoza<br \/>\naragues@unizar.es<\/p>\n<p><strong>Joaqu\u00edn Fortanet<\/strong><br \/>\nProfesor de la Universidad de Zaragoza<br \/>\nfortanet@unizar.es<\/p>\n<p><b>Sandra Santana<br \/>\n<\/b>Profesora de la Universidad de Zaragoza<br \/>\nssantana@unizar.es<\/p>\n<p><b>Jos\u00e9 Luis L\u00f3pez de Lizaga<br \/>\n<\/b>Profesor de la Universidad de Zaragoza<br \/>\nlizaga@unizar.es<\/p>\n<p><strong>Ana Garc\u00eda Varas<\/strong><b><br \/>\n<\/b>Profesora de la Universidad de Zaragoza<br \/>\nanagar@unizar.es<\/p>\n<p><strong>Juan Vel\u00e1zquez<\/strong><b> Gonz\u00e1lez<br \/>\n<\/b>Profesor de la Universidad de Zaragoza<br \/>\njvelazq@unizar.es<\/p>\n<p><strong>Pedro Luis Blasco<\/strong><b> Aznar<br \/>\n<\/b>Profesor de la Universidad de Zaragoza<br \/>\npblasc@unizar.es<\/p>\n<p>&nbsp;<\/p>\n<p>&nbsp;<\/p>\n","protected":false},"excerpt":{"rendered":"<p>El Comit\u00e9 organizador del II Congreso internacional de la REF est\u00e1 formado por la Junta directiva de la REF y por el Comit\u00e9 local de Zaragoza, integrado por cuatro profesores de la Facultad de Filosof\u00eda y Letras de la Universidad de Zaragoza, dado que esta instituci\u00f3n es la sede en la que va a celebrarse [&hellip;]<\/p>\n","protected":false},"author":1,"featured_media":0,"parent":22,"menu_order":1,"comment_status":"open","ping_status":"open","template":"","meta":{"footnotes":""},"class_list":["post-98","page","type-page","status-publish","hentry"],"_links":{"self":[{"href":"https:\/\/redfilosofia.es\/congreso\/wp-json\/wp\/v2\/pages\/98","targetHints":{"allow":["GET"]}}],"collection":[{"href":"https:\/\/redfilosofia.es\/congreso\/wp-json\/wp\/v2\/pages"}],"about":[{"href":"https:\/\/redfilosofia.es\/congreso\/wp-json\/wp\/v2\/types\/page"}],"author":[{"embeddable":true,"href":"https:\/\/redfilosofia.es\/congreso\/wp-json\/wp\/v2\/users\/1"}],"replies":[{"embeddable":true,"href":"https:\/\/redfilosofia.es\/congreso\/wp-json\/wp\/v2\/comments?post=98"}],"version-history":[{"count":16,"href":"https:\/\/redfilosofia.es\/congreso\/wp-json\/wp\/v2\/pages\/98\/revisions"}],"predecessor-version":[{"id":1080,"href":"https:\/\/redfilosofia.es\/congreso\/wp-json\/wp\/v2\/pages\/98\/revisions\/1080"}],"up":[{"embeddable":true,"href":"https:\/\/redfilosofia.es\/congreso\/wp-json\/wp\/v2\/pages\/22"}],"wp:attachment":[{"href":"https:\/\/redfilosofia.es\/congreso\/wp-json\/wp\/v2\/media?parent=98"}],"curies":[{"name":"wp","href":"https:\/\/api.w.org\/{rel}","templated":true}]}}