{"id":44,"date":"2020-06-01T16:34:00","date_gmt":"2020-06-01T16:34:00","guid":{"rendered":"https:\/\/redfilosofia.es\/laboratorio\/?page_id=44"},"modified":"2026-01-20T12:16:47","modified_gmt":"2026-01-20T10:16:47","slug":"envianos-tu-actividad-o-noticia","status":"publish","type":"page","link":"https:\/\/redfilosofia.es\/laboratorio\/envianos-tu-actividad-o-noticia\/","title":{"rendered":"Env\u00edanos las tuyas"},"content":{"rendered":"\n<p>Puedes utilizar el formulario que se encuentra bajo estas l\u00edneas para enviarnos las noticias sobre el antropoceno y el decrecimiento que aparezcan en otros medios de comunicaci\u00f3n y que en tu opini\u00f3n puedan generar inter\u00e9s.<\/p>\n\n\n\n<p>Tambi\u00e9n puedes enviarnos informaci\u00f3n de actividades filos\u00f3ficas -o de otros campos del conocimiento que puedan tener relevancia filos\u00f3fica-, relacionadas con la pandemia y el antropoceno: seminarios, congresos, encuentros, publicaciones, etc.<\/p>\n\n\n\n<p>[contact-form-7 id=\u00bb43&#8243;]<\/p>\n","protected":false},"excerpt":{"rendered":"<p>Puedes utilizar el formulario que se encuentra bajo estas l\u00edneas para enviarnos las noticias sobre el antropoceno y el decrecimiento que aparezcan en otros medios [&#8230;]<\/p>\n","protected":false},"author":15,"featured_media":0,"parent":0,"menu_order":0,"comment_status":"closed","ping_status":"closed","template":"","meta":{"rop_custom_images_group":[],"rop_custom_messages_group":[],"rop_publish_now":"initial","rop_publish_now_accounts":[],"rop_publish_now_history":[],"rop_publish_now_status":"pending","jetpack_post_was_ever_published":false,"footnotes":""},"class_list":["post-44","page","type-page","status-publish","hentry"],"jetpack_sharing_enabled":true,"_links":{"self":[{"href":"https:\/\/redfilosofia.es\/laboratorio\/wp-json\/wp\/v2\/pages\/44","targetHints":{"allow":["GET"]}}],"collection":[{"href":"https:\/\/redfilosofia.es\/laboratorio\/wp-json\/wp\/v2\/pages"}],"about":[{"href":"https:\/\/redfilosofia.es\/laboratorio\/wp-json\/wp\/v2\/types\/page"}],"author":[{"embeddable":true,"href":"https:\/\/redfilosofia.es\/laboratorio\/wp-json\/wp\/v2\/users\/15"}],"replies":[{"embeddable":true,"href":"https:\/\/redfilosofia.es\/laboratorio\/wp-json\/wp\/v2\/comments?post=44"}],"version-history":[{"count":10,"href":"https:\/\/redfilosofia.es\/laboratorio\/wp-json\/wp\/v2\/pages\/44\/revisions"}],"predecessor-version":[{"id":7744,"href":"https:\/\/redfilosofia.es\/laboratorio\/wp-json\/wp\/v2\/pages\/44\/revisions\/7744"}],"wp:attachment":[{"href":"https:\/\/redfilosofia.es\/laboratorio\/wp-json\/wp\/v2\/media?parent=44"}],"curies":[{"name":"wp","href":"https:\/\/api.w.org\/{rel}","templated":true}]}}