{"id":747,"date":"2016-06-03T08:33:20","date_gmt":"2016-06-03T08:33:20","guid":{"rendered":"https:\/\/redfilosofia.es\/olimpiada\/?page_id=747"},"modified":"2016-06-03T08:47:30","modified_gmt":"2016-06-03T08:47:30","slug":"iii-olimpiada-filosofica-2016","status":"publish","type":"page","link":"https:\/\/redfilosofia.es\/olimpiada\/archivo\/iii-olimpiada-filosofica-2016\/","title":{"rendered":"III Olimpiada Filos\u00f3fica 2016"},"content":{"rendered":"<p><strong><span style=\"color: #993300;\">NOTICIAS APARECIDAS EN LOS MEDIOS DE COMUNICACI\u00d3N RELATIVAS A LA III OLIMPIADA FILOS\u00d3FICA DE ESPA\u00d1A, CELEBRADA EN OVIEDO LOS D\u00cdAS 15 Y 16 DE ABRIL DE 2016<\/span><\/strong><\/p>\n<div class=\"entry-content\">\n<p><a href=\"https:\/\/redfilosofia.es\/atheneblog\/2015\/09\/23\/oviedo-acogera-la-olimpiada-de-filosofia-con-ochenta-participantes-de-todo-el-pais\/\" target=\"_blank\">https:\/\/redfilosofia.es\/atheneblog\/2015\/09\/23\/oviedo-acogera-la-olimpiada-de-filosofia-con-ochenta-participantes-de-todo-el-pais\/<\/a><\/p>\n<p><a href=\"http:\/\/www.jgpa.es\/noticias\/-\/publicador\/iii-olimpiada-filosofica\/7SqemTTgHffE?p_p_auth=qXZyTlC5\" target=\"_blank\">http:\/\/www.jgpa.es\/noticias\/-\/publicador\/iii-olimpiada-filosofica\/7SqemTTgHffE?p_p_auth=qXZyTlC5<\/a><\/p>\n<p><a href=\"https:\/\/www.eldigitaldeasturias.com\/noticias\/oviedo-celebra-la-final-de-la-iii-olimpiada-filosofica-de-espana\/\" target=\"_blank\">https:\/\/www.eldigitaldeasturias.com\/noticias\/oviedo-celebra-la-final-de-la-iii-olimpiada-filosofica-de-espana\/<\/a><\/p>\n<p><a href=\"http:\/\/agencias.abc.es\/agencias\/noticia.asp?noticia=2176243\" target=\"_blank\">http:\/\/agencias.abc.es\/agencias\/noticia.asp?noticia=2176243<\/a><\/p>\n<p><a href=\"http:\/\/www.lne.es\/asturias\/2016\/04\/15\/concurso-hacerse-preguntas\/1911594.html\" target=\"_blank\">http:\/\/www.lne.es\/asturias\/2016\/04\/15\/concurso-hacerse-preguntas\/1911594.html<\/a><\/p>\n<p><a href=\"http:\/\/www.lne.es\/asturias\/2016\/04\/16\/asturiana-finalista-olimpiada-filosofica-espana\/1912160.html\" target=\"_blank\">http:\/\/www.lne.es\/asturias\/2016\/04\/16\/asturiana-finalista-olimpiada-filosofica-espana\/1912160.html<\/a><\/p>\n<p><a href=\"http:\/\/www.elcomercio.es\/aviles\/201604\/15\/dilema-moral-nivel-olimpico-20160415004938-v.html\" target=\"_blank\">http:\/\/www.elcomercio.es\/aviles\/201604\/15\/dilema-moral-nivel-olimpico-20160415004938-v.html<\/a><\/p>\n<p><a href=\"http:\/\/www.20minutos.es\/noticia\/2723495\/0\/sanjurjo-ofrece-m-espacio-jovenes-para-enriquecer-esfera-publica-durante-iii-olimpiada-filosofica\/\" target=\"_blank\">http:\/\/www.20minutos.es\/noticia\/2723495\/0\/sanjurjo-ofrece-m-espacio-jovenes-para-enriquecer-esfera-publica-durante-iii-olimpiada-filosofica\/<\/a><\/p>\n<p><a href=\"http:\/\/noticias.lainformacion.com\/educacion\/escuelas\/Sanjurjo-enriquecer-III-Olimpiada-Filosofica_0_908309825.html\" target=\"_blank\">http:\/\/noticias.lainformacion.com\/educacion\/escuelas\/Sanjurjo-enriquecer-III-Olimpiada-Filosofica_0_908309825.html<\/a><\/p>\n<p><a href=\"http:\/\/www.eldiario.es\/lapalmaahora\/municipios\/los_llanos_de_aridane\/Llanos-Canarias-Olimpiadas-Filosoficas-Espana_0_505350402.html\" target=\"_blank\">http:\/\/www.eldiario.es\/lapalmaahora\/municipios\/los_llanos_de_aridane\/Llanos-Canarias-Olimpiadas-Filosoficas-Espana_0_505350402.html<\/a><\/p>\n<p><a href=\"http:\/\/www.hoy.es\/plasencia\/201604\/09\/alumno-placentino-representara-extremadura-20160409002531-v.html\" target=\"_blank\">http:\/\/www.hoy.es\/plasencia\/201604\/09\/alumno-placentino-representara-extremadura-20160409002531-v.html<\/a><\/p>\n<p><a href=\"http:\/\/www.diariodeavila.es\/noticia\/Z391B9305-B423-E016-228C9EF557B7A11B\/20160407\/alumna\/alonso\/madrigal\/ira\/olimpiada\/filosofica\/nacional\" target=\"_blank\">http:\/\/www.diariodeavila.es\/noticia\/Z391B9305-B423-E016-228C9EF557B7A11B\/20160407\/alumna\/alonso\/madrigal\/ira\/olimpiada\/filosofica\/nacional<\/a><\/p>\n<p><a href=\"http:\/\/www.elnortedecastilla.es\/valladolid\/201604\/16\/bello-aquello-provoca-placer-20160415192810.html\" target=\"_blank\">http:\/\/www.elnortedecastilla.es\/valladolid\/201604\/16\/bello-aquello-provoca-placer-20160415192810.html<\/a><\/p>\n<p><a href=\"http:\/\/www.diariodecadiz.es\/article\/sanfernando\/2258613\/arte\/fotos\/y\/mucha\/filosofia.html\" target=\"_blank\">http:\/\/www.diariodecadiz.es\/article\/sanfernando\/2258613\/arte\/fotos\/y\/mucha\/filosofia.html<\/a><\/p>\n<p><a href=\"http:\/\/www.elcorreogallego.es\/santiago\/ecg\/filosofia-no-es-solo-sentarse-chapar-autores\/idEdicion-2016-03-10\/idNoticia-984849\/\" target=\"_blank\">http:\/\/www.elcorreogallego.es\/santiago\/ecg\/filosofia-no-es-solo-sentarse-chapar-autores\/idEdicion-2016-03-10\/idNoticia-984849\/<\/a><\/p>\n<p>La recopilaci\u00f3n ha sido enviada por Antonio Campillo. Gracias. Alejandro Mart\u00ednez, de Navarra, a\u00f1ade otros dos enlaces<\/p>\n<p><a href=\"http:\/\/www.diariodenavarra.es\/noticias\/cultura_ocio\/cultura\/2016\/04\/18\/el_navarro_alberto_pezonaga_ganador_olimpiada_filosofica_espana_448789_1034.html\" target=\"_blank\">Diario de Navarrra<\/a><\/p>\n<p><a href=\"http:\/\/www.noticiasdenavarra.com\/2016\/04\/18\/sociedad\/navarra\/el-navarro-alberto-pezonaga-estudiante-de-liceo-monjardin-ganador-de-la-olimpiada-filosofica-de-espana\" target=\"_blank\">Noticias de navarra<\/a><\/p>\n<\/div>\n<p><strong><span style=\"color: #993300;\">GANADORES DE LA III OLIMPIADA FILOS\u00d3FICA DE ESPA\u00d1A<\/span><\/strong><\/p>\n<div class=\"entry-content\">\n<p>Celebrada la III OFE estas personas han sido las que han ganado en sus respectivas pruebas:<\/p>\n<p><b>III Olimpiada Filos\u00f3fica de Espa\u00f1a<\/b><br \/>\nOviedo, 15 y 16 de abril de 2016<\/p>\n<p><b>Listado de los estudiantes premiados<\/b><\/p>\n<p>Disertaci\u00f3n filos\u00f3fica<br \/>\n1.- Alberto Pezonaga Torres<br \/>\n2.- Jimena Moreno Rubio<br \/>\n3.- David G\u00f3mez Mart\u00ednez<\/p>\n<p>Dilema moral<br \/>\n1.- Sof\u00eda Palmer\u00edn<br \/>\n2.- Marina Laguna Calvo<br \/>\n3.- Marta de Sevilla Garc\u00eda<\/p>\n<p>Fotograf\u00eda<br \/>\n1.- Andr\u00e9s Guti\u00e9rrez Bermejo<br \/>\n2.- Cristina Fonteboa S\u00e1nchez<br \/>\n3.- Raquel Pino G\u00f3mez<\/p>\n<p>V\u00eddeo<br \/>\n1.- Eva Juez Stapleton<br \/>\n2.- Mart\u00edn L\u00f3pez P\u00e9rez<br \/>\n3.- Daniel Sabiti V\u00e1zquez<\/p>\n<\/div>\n<p><strong><span style=\"color: #993300;\">FOTOS Y VIDEOS FINALISTAS EN LA III OLIMPIADA FILOS\u00d3FICA DE ESPA\u00d1A<\/span><\/strong><\/p>\n<p>Pueden consultarse en este <a href=\"https:\/\/drive.google.com\/folderview?id=0BxEOejw2sdrDeThZbHlWaGx1VzA&amp;usp=sharing\">enlace<\/a>.<\/p>\n<p><strong><span style=\"color: #993300;\">PROGRAMA DE LA III OLIMPIADA FILOS\u00d3FICA DE ESPA\u00d1A<\/span><\/strong><\/p>\n<div class=\"entry-content\">\n<p>Ma\u00f1ana empiezan los actos de la III OFE en Oviedo, organizados por la comisi\u00f3n formada por las compa\u00f1eras y los compa\u00f1eros de la Olimpiada de Asturias. Estos son los actos:<\/p>\n<p><strong>Viernes, d\u00eda 15 de abril<br \/>\n<\/strong><\/p>\n<p>16:00 Recepci\u00f3n Hotel Silken Monumental Naranco. \u00a0C\/Marcelino Suarez 29. 33012 Oviedo.<\/p>\n<p>16:30 Redacci\u00f3n de la disertaci\u00f3n y dilema. \u00a0IES La Eria. C\/ Regenta s\/n.<\/p>\n<p><a href=\"https:\/\/redfilosofia.es\/olimpiada\/wp-content\/uploads\/sites\/3\/2016\/04\/Instituto-la-Eria.jpg\" rel=\"attachment wp-att-710\"><img loading=\"lazy\" decoding=\"async\" class=\"size-medium wp-image-710\" src=\"https:\/\/redfilosofia.es\/olimpiada\/wp-content\/uploads\/sites\/3\/2016\/04\/Instituto-la-Eria-300x181.jpg\" alt=\"instituto la eria oviedo 07 12 13 foto alex pi\u00f1a\" width=\"300\" height=\"181\" \/><\/a><\/p>\n<p>20:45 Concierto de Hulca: \u201cDe Violeta Parra a V\u00edctor Jara\u201d. Teatro Filarm\u00f3nica. Entrada gratuita.<\/p>\n<p>21:30 Cena. Sidrer\u00eda la Parroquia. Plza. Pedro Mi\u00f1or<\/p>\n<p><strong>S\u00e1bado, d\u00eda 16 de abril<br \/>\n<\/strong><\/p>\n<p>9:00 Salida en autob\u00fas. Visita guiada Prerrom\u00e1nico Asturiano<\/p>\n<p>12:15 Acto de Entrega de Premios III Olimpiada de Filosof\u00eda. Junta General del Principado. C\/Fruela.<\/p>\n<p><a href=\"https:\/\/redfilosofia.es\/olimpiada\/wp-content\/uploads\/sites\/3\/2016\/04\/Palacio-de-la-Junta-General-del-Principado-de-Asturias.jpg\" rel=\"attachment wp-att-708\"><img loading=\"lazy\" decoding=\"async\" class=\"size-medium wp-image-708 aligncenter\" src=\"https:\/\/redfilosofia.es\/olimpiada\/wp-content\/uploads\/sites\/3\/2016\/04\/Palacio-de-la-Junta-General-del-Principado-de-Asturias-300x200.jpg\" sizes=\"auto, (max-width: 300px) 100vw, 300px\" srcset=\"https:\/\/redfilosofia.es\/olimpiada\/wp-content\/uploads\/sites\/3\/2016\/04\/Palacio-de-la-Junta-General-del-Principado-de-Asturias-300x200.jpg 300w, https:\/\/redfilosofia.es\/olimpiada\/wp-content\/uploads\/sites\/3\/2016\/04\/Palacio-de-la-Junta-General-del-Principado-de-Asturias-768x513.jpg 768w, https:\/\/redfilosofia.es\/olimpiada\/wp-content\/uploads\/sites\/3\/2016\/04\/Palacio-de-la-Junta-General-del-Principado-de-Asturias-624x417.jpg 624w, https:\/\/redfilosofia.es\/olimpiada\/wp-content\/uploads\/sites\/3\/2016\/04\/Palacio-de-la-Junta-General-del-Principado-de-Asturias.jpg 800w\" alt=\"Palacio de la Junta General del Principado de Asturias\" width=\"300\" height=\"200\" \/><\/a><\/p>\n<p>15:00 Comida Restaurante la Bellota C\/Fruela, en frente de la Junta General del Principado<\/p>\n<p>17:00 Visita Guiada Mieres. Poblado minero Bustiello, conjunto levantado entre 1890 y 1925, exponente del \u201cpaternalismo industrial\u201d<\/p>\n<p>20:00 Llegada a Oviedo y gira por el centro hist\u00f3rico<\/p>\n<p>21:30 Cena: Sidrer\u00eda El Ferroviario. C\/Gascona.<\/p>\n<p>Suerte a todas las personas que participan. <a href=\"https:\/\/drive.google.com\/folderview?id=0BxEOejw2sdrDeThZbHlWaGx1VzA&amp;usp=sharing\" target=\"_blank\">En este enlace<\/a> es posible contemplar algunas de las fotos y los v\u00eddeos finalistas<\/p>\n<\/div>\n<p><strong><span style=\"color: #993300;\">CONVOCATORIA DE LA III OLIMPIADA FILOS\u00d3FICA DE ESPA\u00d1A<\/span><\/strong><\/p>\n<div class=\"entry-content\">\n<p>Ha dado comienzo la <strong>III Olimpiada Filos\u00f3fica de Espa\u00f1a (OFE)<\/strong>, que se celebrar\u00e1 a lo largo del curso 2015-2016.<\/p>\n<p>La fase final se celebrar\u00e1 en <strong>Oviedo<\/strong>, los d\u00edas <strong>15 y 16 de Abril de 2016<\/strong>. En ella participar\u00e1 el alumnado que haya ganado en la fase auton\u00f3mica, en las cuatro modalidades previstas.<\/p>\n<p>Las modalidades y temas de la III OFE son los siguientes:<\/p>\n<ul>\n<li><strong>Disertaci\u00f3n filos\u00f3fica<\/strong>: <em>\u201c<\/em>\u00bfQu\u00e9 es la belleza<em>?\u201d<\/em><\/li>\n<li><strong>Dilema moral<\/strong>: \u201c\u00bfQu\u00e9 responsabilidad tenemos frente a los animales?\u201d<\/li>\n<li><strong>Fotograf\u00eda<\/strong>:\u00a0<em>\u201c<\/em>\u00bfQu\u00e9 es la belleza?\u201d<\/li>\n<li><strong>Video<\/strong>: \u201c\u00bfPerdedores?\u201d<\/li>\n<\/ul>\n<\/div>\n","protected":false},"excerpt":{"rendered":"<p>NOTICIAS APARECIDAS EN LOS MEDIOS DE COMUNICACI\u00d3N RELATIVAS A LA III OLIMPIADA FILOS\u00d3FICA DE ESPA\u00d1A, CELEBRADA EN OVIEDO LOS D\u00cdAS 15 Y 16 DE ABRIL DE 2016 https:\/\/redfilosofia.es\/atheneblog\/2015\/09\/23\/oviedo-acogera-la-olimpiada-de-filosofia-con-ochenta-participantes-de-todo-el-pais\/ http:\/\/www.jgpa.es\/noticias\/-\/publicador\/iii-olimpiada-filosofica\/7SqemTTgHffE?p_p_auth=qXZyTlC5 https:\/\/www.eldigitaldeasturias.com\/noticias\/oviedo-celebra-la-final-de-la-iii-olimpiada-filosofica-de-espana\/ http:\/\/agencias.abc.es\/agencias\/noticia.asp?noticia=2176243 http:\/\/www.lne.es\/asturias\/2016\/04\/15\/concurso-hacerse-preguntas\/1911594.html http:\/\/www.lne.es\/asturias\/2016\/04\/16\/asturiana-finalista-olimpiada-filosofica-espana\/1912160.html http:\/\/www.elcomercio.es\/aviles\/201604\/15\/dilema-moral-nivel-olimpico-20160415004938-v.html http:\/\/www.20minutos.es\/noticia\/2723495\/0\/sanjurjo-ofrece-m-espacio-jovenes-para-enriquecer-esfera-publica-durante-iii-olimpiada-filosofica\/ http:\/\/noticias.lainformacion.com\/educacion\/escuelas\/Sanjurjo-enriquecer-III-Olimpiada-Filosofica_0_908309825.html http:\/\/www.eldiario.es\/lapalmaahora\/municipios\/los_llanos_de_aridane\/Llanos-Canarias-Olimpiadas-Filosoficas-Espana_0_505350402.html http:\/\/www.hoy.es\/plasencia\/201604\/09\/alumno-placentino-representara-extremadura-20160409002531-v.html http:\/\/www.diariodeavila.es\/noticia\/Z391B9305-B423-E016-228C9EF557B7A11B\/20160407\/alumna\/alonso\/madrigal\/ira\/olimpiada\/filosofica\/nacional http:\/\/www.elnortedecastilla.es\/valladolid\/201604\/16\/bello-aquello-provoca-placer-20160415192810.html http:\/\/www.diariodecadiz.es\/article\/sanfernando\/2258613\/arte\/fotos\/y\/mucha\/filosofia.html http:\/\/www.elcorreogallego.es\/santiago\/ecg\/filosofia-no-es-solo-sentarse-chapar-autores\/idEdicion-2016-03-10\/idNoticia-984849\/ La recopilaci\u00f3n ha sido enviada por Antonio Campillo. Gracias. Alejandro Mart\u00ednez, de Navarra, [&hellip;]<\/p>\n","protected":false},"author":1,"featured_media":0,"parent":647,"menu_order":0,"comment_status":"closed","ping_status":"closed","template":"","meta":{"jetpack_post_was_ever_published":false,"footnotes":""},"class_list":["post-747","page","type-page","status-publish","hentry"],"jetpack_sharing_enabled":true,"jetpack_shortlink":"https:\/\/wp.me\/P6Sq1k-c3","_links":{"self":[{"href":"https:\/\/redfilosofia.es\/olimpiada\/wp-json\/wp\/v2\/pages\/747","targetHints":{"allow":["GET"]}}],"collection":[{"href":"https:\/\/redfilosofia.es\/olimpiada\/wp-json\/wp\/v2\/pages"}],"about":[{"href":"https:\/\/redfilosofia.es\/olimpiada\/wp-json\/wp\/v2\/types\/page"}],"author":[{"embeddable":true,"href":"https:\/\/redfilosofia.es\/olimpiada\/wp-json\/wp\/v2\/users\/1"}],"replies":[{"embeddable":true,"href":"https:\/\/redfilosofia.es\/olimpiada\/wp-json\/wp\/v2\/comments?post=747"}],"version-history":[{"count":6,"href":"https:\/\/redfilosofia.es\/olimpiada\/wp-json\/wp\/v2\/pages\/747\/revisions"}],"predecessor-version":[{"id":754,"href":"https:\/\/redfilosofia.es\/olimpiada\/wp-json\/wp\/v2\/pages\/747\/revisions\/754"}],"up":[{"embeddable":true,"href":"https:\/\/redfilosofia.es\/olimpiada\/wp-json\/wp\/v2\/pages\/647"}],"wp:attachment":[{"href":"https:\/\/redfilosofia.es\/olimpiada\/wp-json\/wp\/v2\/media?parent=747"}],"curies":[{"name":"wp","href":"https:\/\/api.w.org\/{rel}","templated":true}]}}